50) + 1 + -6 + -14.
-7
What is the value of -17 - -14 - (16 - 13)?
-6
What is the value of (1 - -6) + -10 + -7 + 7 + 0?
-3
Calculate -1 + -9 - (31 - 16 - 32).
7
What is -13 + 3 + 12 + 4?
6
Calculate -27 - (10 + -6 + -8) - -4.
-19
What is the value of -15 - (34 + -21 + 9) - -15?
-22
(-17 + 1 - (-24 - -29)) + (9 - 4)
-16
2 + (22 - 53) - (0 + 0 + -1)
-28
(89 - 172) + 77 - (-20 + (-1 - -1))
14
What is -8 + (2 + 4 + -5 - -8 - -10)?
11
(-44 - -83) + 16 + -37
18
(11 - (7 - 4)) + 20 + -7
21
Evaluate -2 - -4 - 4 - -10 - (-11 + 6).
13
Evaluate -7 + -5 + 3 + 0.
-9
Evaluate 5 + (-2 - -1) - ((20 - 34) + 23).
-5
Calculate (9 - (-11 + 29 - 10)) + -15.
-14
Evaluate -23 + (16 - (-1 + 4)) - 9.
-19
(-7 - -1) + -466 + 473
1
Calculate (9 + -1 - 4) + -3 + (-15 - -4).
-10
What is 30 - (-6 + 17 - -6)?
13
What is the value of 31 + 1 + (-669 - -611)?
-26
What is the value of 1 + -21 - (-15 + 19 - 14)?
-10
Evaluate 108 + -86 + -5 + (1 - -1).
19
What is 10 + -7 - (13 + (6 - 2) - 2)?
-12
104 + -95 - (-1 + 13)
-3
(-15 - 14) + 15 + -13 + (-10 - -2)
-35
What is the value of 9 + (-5 + -6 - -9) + -2?
5
Evaluate 14 + -12 - 6 - (21 + -50).
25
Calculate (19 - 43 - -29) + -26.
-21
Evaluate -30 + 52 + (-48 - -26).
0
Calculate -4 + 6 + (-14 - (12 + -42)).
18
(-4 - (-1 + -5)) + (-4 + 4 - 12)
-10
What is (19 - (51 - 32)) + (10 - -1) + 0?
11
Calculate 33 + (-7 - 11) - 13.
2
Calculate -4 - (11 + -23) - (23 - -1).
-16
Calculate (26 - 4) + 24 + -57.
-11
What is the value of -20 + -12 - (-5 + (16 - (18 - 8)))?
-33
What is the value of -10 + (11 - 4) + -11?
-14
Calculate 322 + -330 + (2 + 31 - -2).
27
What is the value of 13 + (-3 - (-2 + 4)) - 7?
1
What is 0 + 22 + 406 + -444?
-16
What is the value of -5 + 6 - (-2 + (5 - 2))?
0
Calculate -7 + -2 + (-13 - (1 + -22)).
-1
What is the value of 4 + 4 + -7 + 2 + -13 - 8?
-18
Calculate -11 + (-17 + 1 - -8).
-19
5 + 7 + -2 + -8 + (11 - 4)
9
Evaluate -7 + (-10 + 20 + -1 - 3 - 5).
-6
Evaluate -6 + -5 + 0 + 6.
-5
Calculate -12 - (-29 + (-11 - -23) - -9).
-4
Calculate 32 + -13 + -32 - -29.
16
1 + 7 + -3 + (-12 - (5 + -6))
-6
13 + 9 - 14 - 3 - -2
7
What is 54 + -48 + (-4 - 0) + -5?
-3
Evaluate (10 - 17 - -2) + 10 - 14.
-9
What is (-35 - -16 - -13) + 4 + -15?
-17
Evaluate -4 + (-25 - -17) + 2.
-10
Calculate 4 - (6 + 11 + -6 + -12).
5
Evaluate 8 - 1 - (-125 - -135) - 5 - 5.
-13
Evaluate 2 - (6 + -14 - -10 - 1).
1
Calculate 23 - (-2 - -2) - 12 - 5.
6
Calculate -33 - -45 - (-1 - -16).
-3
Evaluate 5 - ((5 - -5) + -3 + -19).
17
What is the value of -12 + (-1 + -2 - (-12 - -12)) + 52?
37
Evaluate -1 + -8 - (-39 - -28).
2
Calculate 17 + -10 - 4 - -10 - -8.
21
What is -14 + 2 - (-22 - -13 - 1)?
-2
22 + -13 + -9 - -4
4
Calculate 2 - (20 - (1 - -14)).
-3
What is the value of 5 + (3 + -1 - (3 + -4)) + -20?
-12
What is 4 + (-6 + 17 - 22)?
-7
What is (1 - 3 - -3) + -1358 + 1354?
-3
What is the value of 18 - (2 + -13 - -27)?
2
Calculate -23 + (101 - 52) - (-2 + 0 - 0).
28
Evaluate 105 + -85 - (8 + (-3 - -3) + -1).
13
What is -20 - (17 + -2 + -16)?
-19
What is the value of 10 + (3 - 33) + -11?
-31
Evaluate (2 - -1) + (1 - 0) - (514 - 505).
-5
Evaluate (-38 - -33) + 0 + -8 + 4.
-9
What is -45 - (25 - 93) - ((11 - 2) + -1)?
15
Calculate 4 - (23 + -15 + 4 + 4).
-12
What is the value of 6 - 10 - (-19 + 11 - (6 + -17))?
-7
Evaluate 117 + -110 + (-4 - (-2 + 1)).
4
Evaluate -8 - 19 - -25 - ((0 - -1) + 3).
-6
7 - (6 - (18 - 24))
-5
What is the value of 50 + (-53 - -12) + 0 + (0 - 4)?
5
Calculate 5 + 12 + -34 + 6 + -3.
-14
-26 + (-84 - -116) - (-1 - 1)
8
What is 2 - (-7 + (15 - 10) + -3 + 1)?
6
Calculate 2 - 9 - (-2 + 6) - (-5 - 0).
-6
Calculate -6 + (31 + -1 - 9) - 10.
5
Calculate 48 - (-25 + 39) - 10.
24
What is the value of -20 + 16 + 9 - ((0 - 1) + 6)?
0
What is 0 + -12 + 13 - (-4 + -4) - 20?
-11
Evaluate 338 + -318 - (37 - -1).
-18
Evaluate -2 + 2 + 8 + (64 - 60).
12
What is the value of 358 - 351 - (2 - 12)?
17
Evaluate -2 - -8 - 0 - (23 - 28) - 6.
5
Evaluate (-5 - 7 - -10) + -10.
-12
Evaluate -206 - -193 - (-8 - -4 - 1).
-8
(-9 - -3) + -1 + -3 + 7 + 7
4
Calculate -11 + 2 + 4 + (-7 - (1 - 6)).
-7
Calculate (-13 + 16 - -14) + -15.
2
Evaluate 34 + -7 + (-19 - -15) + -5.
18
What is (18 - (7 + 1 - -10)) + 0 + -22?
-22
What is (-651 - -658) + 8 + -2 + 0?
13
What is 4 + (1 + 1 - (1 - 4)) + -9?
0
4 - (9 - -3) - (-134 - -104)
22
(2 - -14) + -32 + -24 + 44
4
What is the value of (8 + 1 - 5) + (-5 - -1)?
0
-12 - (3 - -1 - (108 + -116))
-24
Calculate (-30 - -74) + -40 - 0.
4
What is -8 - (-10 - (-13 - -11))?
0
Calculate (-2 - -2 - 2) + -1.
-3
-54 - -73 - (0 + 14)
5
What is the value of -2 + 6 + 96 + -99?
1
Calculate -1 + 4 + (3 - 0) - (-255 + 282).
-21
Calculate -53 + 30 - -43 - ((2 - 1) + 5).
14
What is the value of -9 + (14 + -8 - (-34 - -7))?
24
What is the value of 26 + 24 + -51 + 6?
5
(5 - (-7 + 2 - -7)) + 4
7
Calculate 4 + 1 + 430 + -431.
4
What is 5 + (1 - (7 - 4)) - -17?
20
What is the value of -10 + 76 + -5 + -28?
33
What is the value of (17 - 8) + (12 - (3 - -5)) - 3?
10
-5 + 5 + -1 + -3 - (6 - 16)
6
What is the value of -2 + -10 + 8 + -1?
-5
What is the value of (-31 - -61) + 6 - 14?
22
Evaluate (-17 - -32) + 13 - (-1 - (-2 + 2)).
29
What is the value of -37 + 34 + -6 + (0 - 10)?
-19
What is -3 + (0 - (-4 - -10)) + -11 + -11?
-31
Evaluate 14 + -8 + (5 - -3).
14
Calculate 2 - (30 - (24 + -17)).
-21
Evaluate 5 + 1 - (5 + 1 + -4).
4
What is the value of 11 + 22 + -17 + 12 + -2?
26
Calculate -7 - (9 + -3 - (18 - -15)).
20
-48 - (-17 - 51) - (0 - 8)
28
Evaluate 3 + (10 - 3) + -3 + (-17 - -11).
1
What is -4 + 13 - (3 + (17 - 26))?
15
What is 73 - 58 - (0 + 2)?
13
Evaluate 3 - (1 + 1) - (5 + (2 - 0)).
-6
What is 97 + -115 - (-20 - -7)?
-5
35 - (27 - 14) - 41
-19
Calculate 2 + 0 + -17 + 11 + -2.
-6
What is the value of 15 + (-16 - (-3 - 5 - 0))?
7
Calculate -2 + -10 + (-6 - (3 - (6 - -2))).
-13
(7 - (9 - 9)) + -2 + 3
8
What is the value of 6 - (-8 - (7 + (-11 - -2)))?
12
What is the value of (-60 - -45) + (0 - -4 - 3)?
-14
Evaluate -10 + 22 + -5 + -5 + 10.
12
Calculate (2 - 1) + (17 - 33).
-15
-4 + 0 + ((4 - 8) + 18 - 21)
-11
What is 1938 + -1943 - ((3 - (1 - 0)) + 1)?
-8
What is 57 + -79 - (1 + -2 + -6)?
-15
0 + 5 + 8 - 18
-5
What is (-9 - -13) + -3 + 6?
7
Calculate (11 - 12) + (7 - (3 - 4 - -2)).
5
What is the value of -1 - 17 - (728 + -736)?
-10
Evaluate 69 + -61 + (-8 - (1 + 1 + 2)).
-4
Evaluate -7 - ((9 - 10) + (3 - (-8 - -4))).
-13
What is -26 - (9 - 14) - -2?
-19
(9 - -1) + (-17 + 32 - 16)
9
-4 + -15 + 6 - (-4 - 1)
-8
What is 66 + 2 + -27 - 27?
14
Calculate 5 + 2 - (-10 + 9 - -3 - -22).
-17
What is 6 + (5 - 8) + -9 - (2 + -1)?
-7
23 + 0 + (-57 - (-17 + -37))
20
22 - 2 - (-170 - -196)
-6
(-11 - 5 - -22) + 4
10
What is the value of 8 + -23 + 30 + (-17 - 1)?
-3
Calculate -9 - (-33 - (-16 + 1)).
9
What is -38 - (17 - (35 + -10))?
-30
Calculate (-4 - 1 - (19 - 26)) + -17 + 3.
-12
Evaluate (14 - 1) + 9 + (10 - (12 - -5)).
15
Calculate -9 + 0 + 16 + -1 + (-3 - 0).
3
What is the value of 16 + 5 + -8 - -3 - -1?
17
Calculate (-24 - (-54 + -36)) + -32.
34
What is 2 + (10 - (22 - 7) - -2)?
-1
What is the value of -14 - -16 - 14 - (-7 + 11)?
-16
Calculate 24 + (-49 - (21 + -40)).
-6
1 + 14 - (8 + 17)
-10
What is 12 + (-6 - -3) + -9 - 2 - -16?
14
What is the value of -24 + 28 + (-3 - -18)?
19
Calculate (-3 - -2) + (2 - -10) - (18 + -20).
13
Evaluate -11 + (11 - 1) + -9 - -1.
-9
(3 + -7 - -19) + -8
7
What is the value of 23 - (17 + -13 + 4) - 14?
1
Evaluate 4 - (-24 + -2) - (6 - -5 - 7).
26
Calculate -7 - (-18 + 1 - (-146 - -139)).
3
What is the value of (5 + 5 + -4 - 1 - 2) + 6?
9
What is -8 + 30 + -23 + 33?
32
Calculate -11 - (1 - -26 - (-110 + 125)).
-23
What is -30 + (-13 - (-1 - 21))?
-21
Calculate -1 + -7 - (-27 + 38 + -18).
-1
Calculate (1 - 0) + (-10 - -5 - 2).
-6
Evaluate 3 - (6 + 17 + -8 + -7).
-5
Evaluate (-3 - -12) + (0 - 3 - (21 + -30)).
15
1 + (-3 - 6) + 14 - (7 + -5)
4
What is the value of 1 - (((-2 - -10) + -7 - 27) + 1)?
26
-190 + 192 + (8 - -3)
13
(-114 - (101 + -205)) + -2 + 2 + -1
-11
Calculate 10 - -8 - (-1 + 1 - (6 - 13)).
11
Evaluate -49 - -40 - 13 - (0 + -8).
-14
What is the value of -23 + (13 - 3) + 26?
13
Calculate (44 - -3) + -67 - (1 + -51).
30
215 - 210 - (0 - (0 - (1 - 3)))
7
What is the value of (1 + 14 - 9) + -11?
-5
What is the value of (84 - 94) + 